 -6) + -2.
2
Let p(q) = -q**3 - 2*q**2 + q + 5. List the prime factors of p(-4).
3, 11
Suppose -o + 0*o + 3*q - 9 = 0, 25 = 3*o + 4*q. Suppose o*y + 2*b - 42 = 7, 14 = y + 3*b. List the prime factors of y.
17
Let o be 10/4*12/15. Suppose 2*t + 2*y - 14 = y, y = o. What are the prime factors of t?
2, 3
Let z = 148 - 105. List the prime factors of z.
43
Let z(s) = -s**2 + 8*s + 3. Let y be z(8). Let j be 13/3 + 2/y. Suppose -j*k + 5 = -4*k. List the prime factors of k.
5
Let v be -20*(10/(-8) + 1). Suppose -v*d + d = -32. List the prime factors of d.
2
Suppose b + 3*b = 0. Suppose 0 = a - 3 - 10. Suppose 5*u - 57 - a = b. What are the prime factors of u?
2, 7
Suppose 0 = 4*r + x - 181 - 94, -3*x + 135 = 2*r. What are the prime factors of r?
3, 23
Suppose 14 = 5*d - 3*n - 169, 2*d = -2*n + 86. List the prime factors of d.
3, 13
Let i(m) = m + 16. Let c be (-12)/2 - (0 + 1). Let h be i(c). Let p(j) = -j**3 + 8*j**2 + 11*j - 8. List the prime factors of p(h).
2, 5
Let w(i) = -i**2 + 17*i - 6. What are the prime factors of w(12)?
2, 3
Let u = -1 + 3. Suppose 3*p + 1 = -u. What are the prime factors of (1/2)/(p/(-20))?
2, 5
Suppose -3*m = -2 - 4. Suppose 2*h + 22 = m*n, -5*n - h + 47 = 2*h. List the prime factors of n.
2, 5
Let i be (1/(-2))/(1/(-6)). Suppose 0 = 2*x - 19 + i. What are the prime factors of x?
2
Suppose -44 = -w - 3*w + 4*c, 5*w + 4*c - 10 = 0. List the prime factors of w.
2, 3
List the prime factors of 1/(-2)*(-26)/1.
13
Suppose 0 = 4*u, u - 260 = -k - 4*u. What are the prime factors of k?
2, 5, 13
Let s(u) = 9*u**2 - u. Let o = -5 + 7. Suppose 0 = 4*g - 5*t - 6, o*g - 6 = 2*t + 2*t. List the prime factors of s(g).
2, 5
Let y = -27 - -55. Suppose 59 = 5*q + 3*g, -2*q + y = 4*g - 4. List the prime factors of q.
2, 5
Suppose 564 = 2*q + 60. List the prime factors of q.
2, 3, 7
Let m = -17 + 2. Let k = -1 - m. What are the prime factors of k?
2, 7
Suppose -2*m + y = -6, 0 = -5*m + y + 2*y + 13. Suppose 3*n + 32 = m*w, 0 = 4*w + 4*n - 35 + 3. List the prime factors of w.
7
Suppose g - 2*g + 182 = 0. What are the prime factors of g?
2, 7, 13
Suppose 3 = 2*k + 4*w - 9, -k + 2*w + 6 = 0. Suppose -k*x + x + 75 = 0. What are the prime factors of x?
3, 5
Let s = -42 - -60. List the prime factors of ((-20)/(-8))/(1/s).
3, 5
List the prime factors of (-249)/(-7) + (-12)/(-28).
2, 3
Suppose 0 = -68*r + 70*r - 394. List the prime factors of r.
197
Suppose 5*n + 6 - 62 = -c, 3*n + 80 = c. List the prime factors of c.
71
Let i(t) = t**3 + 5*t**2. Suppose 3*q - q = -4*f + 8, -q = f - 4. Suppose -q*x - 16 = -0*x. List the prime factors of i(x).
2
Suppose 0 = -2*z + 2 + 22. Let s = 2 - -1. Suppose 0 = -4*d - 3*p + z, -s*d - 5*p + 10 = -3*p. List the prime factors of d.
2, 3
Let d(l) = -l**3 - 11*l**2 + 9*l - 14. Let j be 6/(((-21)/6)/7). What are the prime factors of d(j)?
2, 11
Let t(m) = m**2 - m - 2. Let j be 2*1 + (-8 - -4). List the prime factors of t(j).
2
Let g = 67 - 31. List the prime factors of g.
2, 3
Suppose -2*n + 91 = l, -6*n + 5*l = -2*n - 203. List the prime factors of n.
47
Let r = -23 + 48. What are the prime factors of r?
5
Let b(p) = -3*p - 5. Let i(f) = -2*f + 4. Let w be i(4). Let x be b(w). Let j = 13 - x. What are the prime factors of j?
2, 3
Let p = -4 + 6. Suppose 0 = -4*n - g + 42, p*g = -5*n + 22 + 29. List the prime factors of n.
11
Suppose -4*k = 3*u - 45 - 171, -5*u = k - 343. What are the prime factors of u?
2, 17
Suppose -2*b - 15 = 3*b. Let a(v) = v**2 - 3*v - 3. List the prime factors of a(b).
3, 5
Let g(l) = -4*l - 10. Let q be (-8)/(-2)*(-8 + 7). List the prime factors of g(q).
2, 3
Suppose 4*c + 4 + 4 = 0. What are the prime factors of 5 + -1 + c + 38?
2, 5
Let n = 9 - 7. List the prime factors of n + -4*36/(-8).
2, 5
Let x(f) = -f**3 + f**2 - f + 5. Let r be x(0). Suppose 14 = r*y - 16. What are the prime factors of y?
2, 3
Let n = -23 - -53. Let i = n - 19. List the prime factors of i.
11
List the prime factors of (-3)/(-2)*(-28)/(-6).
7
Suppose 102 = 11*v - 8*v. What are the prime factors of v?
2, 17
Suppose -s = 3*q - 4*q + 5, 0 = 5*s + 3*q - 15. Suppose 3*p - 15 = 5*f, s = p + 4*p - 5*f - 25. Suppose p*t = 2*t + 54. What are the prime factors of t?
2, 3
Suppose -2*i + 5*j + 17 = 0, 2*i + 17 + 11 = -4*j. Let y = i + 3. Let d = 5 - y. List the prime factors of d.
2, 3
Let h(s) be the second derivative of 2*s + 0 - 5/3*s**3 + 1/2*s**2. What are the prime factors of h(-1)?
11
Let u = -11 - -3. Suppose -z - k = -16, 0 = -3*z - 2*k + 76 - 33. Let a = u + z. List the prime factors of a.
3
Let k(h) = h**2 - 1. Let i be k(1). Let c = i - -4. Suppose p - c = -4*t, -28 = -p - 2*t + 6*t. What are the prime factors of p?
2
Suppose 4*g + 2*d = -6, -2*g + 6*d = d - 3. Let j be (2 + g)*(-1 + 0). Let u(f) = -10*f. List the prime factors of u(j).
2, 5
Suppose -3*y + 9 = -0. Suppose g = y*g. Suppose -s + 14 = -g. What are the prime factors of s?
2, 7
Let x be 3/7 - (-95)/7. Suppose 1 = 5*l - x. What are the prime factors of l?
3
Let g be (-164)/(-8) - 2/4. Let z be g/8*4/5. Suppose -z*u = -0*u - 18. List the prime factors of u.
3
Let v be (2 - -15)/(0 + 1). Suppose c = -16 - v. Let z = c + 46. What are the prime factors of z?
13
Let n(a) = a**3 + 9*a**2 - a - 7. Let k be n(-9). Suppose o = -k + 27. Suppose 2*g = -3*g + o. What are the prime factors of g?
5
Let g = 0 - 2. Let l(f) = f**3 + 4*f**2 + 4*f + 2. List the prime factors of l(g).
2
Let t(k) = -k**2 - 11*k + 1. List the prime factors of t(-10).
11
Let d(w) = -27*w. Let r(s) = -s**3 - 8*s**2 + 8*s - 10. Let l be r(-9). List the prime factors of d(l).
3
Suppose -2*o + 16 - 4 = 0. Suppose l = -l + o. Let s = 7 - l. List the prime factors of s.
2
Let f(a) = a**2 + 3*a + 400. List the prime factors of f(0).
2, 5
Let k = -28 - -19. List the prime factors of 6/k*(-10 - 2).
2
Suppose 5*d - 3*d - 6 = 0. Suppose -3 = -d*o - 21. Let n(l) = -l**3 - 6*l**2 + 5. List the prime factors of n(o).
5
Suppose k + 0*k = 39. What are the prime factors of k?
3, 13
Suppose 0 = c - 3*c. Suppose -3*d + 3*s + 2*s + 94 = c, 3*s - 54 = -3*d. What are the prime factors of d?
23
Let t(n) = -n**3 + 8*n**2 + 4*n. List the prime factors of t(8).
2
Let g be 29/4 - (-18)/24. Suppose g*o - 3*o = 75. Suppose 7 = -2*k + o. List the prime factors of k.
2
Let m be 0 + -9 + -2 + 1. Let r = 18 + m. Let s = r - -3. List the prime factors of s.
11
Let d(k) = 0*k**2 + k**2 + 2 + 7*k - 4*k. Suppose 2*q = b + 7, -2*b + 3*b + 8 = 3*q. List the prime factors of d(b).
2, 3
Suppose 3*f = -3*v, -5*f + 8 = -0*f + v. Suppose -2*y + 2*l = -6*y, 8 = 4*y - f*l. Let u = y + 1. What are the prime factors of u?
2
Let l be (8/(-16))/((-2)/(-8)). What are the prime factors of 0 - 42/l - -3?
2, 3
Let c = 6 - 5. Let x = 4 - c. Suppose q - 3 = -3*o + 19, 0 = -o + x*q + 24. List the prime factors of o.
3
Suppose -11*t + 6*t + 1355 = 0. What are the prime factors of t?
271
Let s(w) = -28*w**3 - w**2. What are the prime factors of s(-1)?
3
Suppose 19 = 2*h - 3*f + 2*f, 0 = -h + f + 8. Suppose -h - 17 = -4*g. List the prime factors of g.
7
Let v = 121 + -85. Suppose -5*x = j - 82 - 8, -2*j + v = 2*x. List the prime factors of (-30)/(-4)*12/x.
5
Suppose 0 = -10*d - 405 + 1775. What are the prime factors of d?
137
Let f(g) = -g**3 + 6*g**2 - g + 4. Let l be f(6). Let w be l - -2 - 0/4. Suppose 2*q - 11 - 9 = w. What are the prime factors of q?
2, 5
Let y be 150/(-8)*(-4 + 0). Suppose 4*c - 2*d = -7*d + 60, 5*c = 4*d + y. What are the prime factors of c?
3, 5
Let h(i) = -i**2 + 2. Let w be h(0). Suppose w*d + 2*x = 12, -2*d - 5*x = -1 - 5. List the prime factors of d.
2
Let s(y) = -4*y**3 - 2*y**2 + 1. Let n be s(-1). Suppose -3*k = 2*k - n*l - 43, 3*k = -4*l + 49. What are the prime factors of k?
11
Suppose 0 = 6*m - 3*m + 39. List the prime factors of (3 - m/(-2))*-6.
3, 7
Suppose -5*u + 51 - 176 = -4*d, -4*u - 100 = -d. Let l = -11 - u. List the prime factors of l.
2, 7
Let t be (-2)/(-4) + (-88)/(-16). Suppose 4*m - 2*j = -t*j + 28, 0 = -2*j + 6. What are the prime factors of m?
2
Let g = 428 + -207. List the prime factors of g.
13, 17
Suppose -k - 31 = -146. What are the prime factors of k?
5, 23
Suppose 22*o = 8*o + 4522. What are the prime factors of o?
17, 19
Suppose -5*r - 9 = 6, 5*r = -3*o. Suppose o*i - 88 - 17 = 0. What are th